 Calculate l(v).
6
Let s(t) = -2*t. Suppose -236 - 19 = -3*w. Suppose 5*r + w = 2*q, 0 = q - 3 + 8. Let g = 20 + r. Calculate s(g).
-2
Let x(l) = -l**3 + 2*l**2 + 7*l + 1. Suppose 315*w - 307*w = 32. Calculate x(w).
-3
Suppose -5*u + 2*u + 6 = 0. Let c be (10/u)/((-3)/(-3)). Suppose 2 = -3*i + c. Let s(f) = 6*f**2 + f. Determine s(i).
7
Suppose 0 = 5*t + 10 - 50. Let i(n) = -n**3 - 2*n**2 - n + 1. Let s be i(-2). Suppose 0 = -t*v + s*v - 30. Let p(l) = -l**2 - 7*l - 8. Calculate p(v).
-2
Let c(h) = 3*h - 9. Suppose -27*j + 25*j = -12. Determine c(j).
9
Let i(t) = -3*t - 5*t - 5*t + 17*t - 2*t. What is i(-1)?
-2
Let s(t) = -4*t**2 - 7. Let v be 9 - (1 + 4) - 10. Let u(z) = 5*z**2 - z + 7. Let k(f) = v*s(f) - 5*u(f). Determine k(7).
-7
Let o(g) be the first derivative of g**4/4 + 5*g**3/3 - 3*g**2 - 99. Suppose -2*r + 6*r - 12 = 0. Suppose 4*q = 3*x - 27, -1 = -q - r*x - 4. Calculate o(q).
0
Let o(m) = -m**3 + m**2 + m. Let u(z) = z**3 + 4*z**2 - 3*z + 5. Let r(t) = 2*o(t) + u(t). Let j = 1358 - 1352. Give r(j).
-1
Let i(o) = -o + 7. Let f(m) = -3*m + 24. Let w(a) = 2*f(a) - 7*i(a). Determine w(6).
5
Let l(w) = w**2 + 9*w + 7. Suppose 2*g + 11 = 21. Suppose -2*f + 4 = -4*i, g*f + 13 = 5*i + 3. What is l(f)?
-11
Let p(o) = -20*o + 7. Let m be p(0). Let b(v) = -v + 10. What is b(m)?
3
Let l(u) = 3 - 783*u + 780*u - 5. Let p = -3 - -13. Suppose -4*k - p = m, k = -4*k - 10. Give l(m).
4
Let t(j) = 48*j**2 - 18 - j**3 + 3*j - 12*j - 26*j**2 - 10*j**2. Calculate t(11).
4
Let a(r) = 4*r**2 - 28*r + 29. Suppose -3*g - 15 = -l + 2, g - 1 = -3*l. Let z(y) = -y**2 + 7*y - 7. Let o(n) = l*a(n) + 9*z(n). Determine o(4).
7
Let n(i) = 2*i - 10. Let v(k) = -2. Let h(a) = 2*n(a) - 11*v(a). Determine h(2).
10
Let z = 35 - 32. Let b(o) = -24*o + 25*o + z - 10. What is b(5)?
-2
Let h be 5 + 0 + 2 - -1. Let p = 4 + h. Let s be (-2)/4 + 54/p. Let f(x) = x**3 - 4*x**2 - 2*x + 1. What is f(s)?
-7
Let n = -28 - -26. Let y(x) be the second derivative of x**3/6 + x**2/2 - 55*x. Determine y(n).
-1
Let r(p) = -2*p + 8. Let i = 528 - 522. What is r(i)?
-4
Suppose -17 = -2*k - 3*l, -5*l + 5 = -0. Let c(m) be the first derivative of -m**2/2 + 10*m + 25. Determine c(k).
3
Let z(w) = -2*w - 2. Let d be z(-2). Let k be -2 + (d - (4 - 8)). Suppose -k*g + y = -3*y, -4 = y. Let r(t) = t**3 + 4*t**2 + 2*t + 4. Give r(g).
-4
Let f(y) = -y**3 + y**2 + y + 3. Let r(v) be the second derivative of -v**3/6 - 11*v**2/2 - v + 189. Let s be 11/((2/(-2))/1). Let u be r(s). Calculate f(u).
3
Let r(x) be the second derivative of -1/120*x**6 + 7/2*x**2 + 0 + 1/10*x**5 + 2/3*x**3 + 1/4*x**4 + 3*x. Let k(f) be the first derivative of r(f). Give k(7).
-3
Let f(x) be the second derivative of -x**4/12 - x**3/2 + 13*x**2 + x + 178. Calculate f(-8).
-14
Suppose -68*n + 11 = t - 65*n, 0 = -3*t + n + 3. Let r(k) = -2*k**3 + 2*k**2 - 5*k + 9. Calculate r(t).
-9
Let f(l) = -l + 1. Suppose 20 = 23*m - 18*m. Suppose -7 = -5*j - 2*x, -x = m*j - 5*x - 28. Give f(j).
-2
Suppose 0 = -3*j + 4*m + 4, 3*j - 9 = 2*m - 7. Let v(q) = -q - 3. Give v(j).
-3
Let o(j) be the second derivative of -j**5/30 + j**3/3 + j**2 + 6*j. Let s(t) be the first derivative of o(t). Let l = 14 + -16. Calculate s(l).
-6
Suppose -55 = 21*n + 92. Let q(h) = h**3 + 7*h**2 + h + 9. Determine q(n).
2
Let u(n) = 6*n**2 + n - 2. Let y be u(1). Suppose 0*z + 5*s + 15 = -2*z, 0 = z - y*s - 15. Let v(a) = 4*a + z*a + 15 - 2*a - 7. Determine v(-7).
-6
Let x(a) be the second derivative of a**4/12 - a**3/2 + 11*a**2/2 - 9*a. Let o(t) be the first derivative of x(t). What is o(5)?
7
Let h(l) = 19*l. Let t = -13 - -23. Suppose -j = -n + 2*j - t, -3*n = j. Give h(n).
-19
Let z(x) = -x**2 + 12*x - 4. Let p(l) = 3*l**2 - l + 3. Let n be p(2). Determine z(n).
-17
Let r(m) be the second derivative of -m**4/12 - m**3/6 + m**2/2 - 2*m + 111. Calculate r(0).
1
Let y(x) = -1448*x + 21 - 11 + 1445*x. Determine y(3).
1
Let r(z) = 5*z**3 + 23*z**2 - 6*z - 6. Let o(s) = -4*s**3 - 20*s**2 + 6*s + 5. Let j(g) = 6*o(g) + 5*r(g). Determine j(4).
8
Let r(w) = -2*w**2 + 8*w - 1. Let u be r(3). Let n(h) = h + 2. Give n(u).
7
Let n(f) = -f**3 - 11*f**2 - 6*f + 4. Let a(i) = -i**2 - i. Let q(z) = -4*a(z) + n(z). Calculate q(-3).
-26
Let b(z) = -z + 1. Let p = 162 + -158. Let t(k) = k**2 + k + 1. Let j be t(-1). Let r(q) = 5*q + 1. Let c(m) = j*r(m) + p*b(m). Calculate c(0).
5
Suppose 0 = 6*y - 5*y - 7. Let v(t) = t + 1. What is v(y)?
8
Let r(m) = -m**2 - 8*m - 10. Suppose -3*g = -3 + 9. Let b be (g/(-4))/(8/16)*-7. What is r(b)?
-3
Let q(c) be the second derivative of -c**5/20 + c**4/2 - 5*c**3/6 + 3*c**2/2 - 45*c. What is q(5)?
3
Let q(y) = -4*y + 5. Let s(r) = -r**3 - 6*r**2 + 7*r + 65. Let n be s(-5). Determine q(n).
-15
Let w(q) = -3*q - 25. Let g be (((-378)/15)/(-21))/(2/(-15)). Determine w(g).
2
Let g = -29 + 33. Let l be -4 - g*8/(-4). Let s(z) = -z**3 + 4*z**2 - 3*z - 2. Give s(l).
-14
Let u(f) = -f. Suppose 4*z - 17 = 3. Suppose -2*o - 20 = z*x, 3*x - 2*x = -4. Calculate u(o).
0
Let a(u) = 14*u - 7*u - 1506436 + 1506436. Calculate a(-2).
-14
Let w(g) = g**3 - 4*g**2 - 4*g + 4. Suppose -5*c + 5 = o + 3*o, 2*c = -3*o + 9. Give w(o).
9
Let l(p) = -26 - 524*p + 1048*p - 525*p. Give l(0).
-26
Let i(k) be the second derivative of k**4/12 + k**3/3 + 2*k**2 + 11*k. Let u be (9 + -6)*(-2)/(-3). Suppose 4*h + 8 = u*h. Determine i(h).
12
Let q(a) be the first derivative of a**5/20 - a**4/3 - a**3 + 2*a - 29. Let v(b) be the first derivative of q(b). What is v(5)?
-5
Let w be -1 - -3 - 4*(-4)/(-16). Suppose 3*r = -14 - w. Let g(i) = -i**3 - 5*i**2 + 6. Calculate g(r).
6
Let u be (-3)/(-2 + 5) - (-4 + 1). Let b(c) = -6*c**2 + 0 - c**3 - 8*c + 5*c + u. What is b(-5)?
-8
Let d(w) = -47*w**3 + 2*w**2 + 48*w**3 + 2*w + 112 - 113. Suppose 2 = -0*b - b. Determine d(b).
-5
Let s be (2 - 0)*(1 + 3). Let p(i) = -i**2 - 31*i**3 - s + i + 30*i**3 - 5*i**2. Give p(-6).
-14
Suppose -17 + 25 = 4*v - 5*l, 0 = 4*v - 4*l - 8. Let s(i) be the third derivative of 0 + 1/60*i**5 - 5/24*i**4 + 0*i + 5/6*i**3 - 10*i**v. Give s(5).
5
Let r(h) be the first derivative of h**4/4 - 2*h**3 + 2*h**2 + 5*h + 72. What is r(5)?
0
Let s(w) = 46*w - 25*w + 1 - 22*w - 7*w**2. Let k be s(-1). Let c(z) = z**2 + 4*z - 1. Calculate c(k).
4
Let j(f) = 24*f + f**3 + 3 - 12*f - 15*f - 11*f - 9*f**2. Determine j(10).
-37
Let y(k) = -3*k - 83 + k + 84 - 4*k. Suppose 2*i + 3 = -i. Determine y(i).
7
Let m(b) be the third derivative of -b**6/45 + b**4/24 + 4*b**2. Let l(i) be the second derivative of m(i). Give l(-1).
16
Let x = -18 - -21. Suppose -4*k = k - x*c - 28, -3*c + 22 = 5*k. Let u(q) = -3*q + k + 2*q + 2*q. Calculate u(-6).
-1
Let a(r) = -3*r + 6. Let d be 6*1*(2 + 6 - 7). Determine a(d).
-12
Let u(y) be the first derivative of 34 - 3/2*y**2 - 2*y. Calculate u(-2).
4
Let j(p) = -p**3 + 1. Let n(f) = 3*f**3 + 3*f**2 + 14*f + 5. Let m(k) = k**2 - k - 1. Let o(c) = 5*m(c) + n(c). Let t(q) = -2*j(q) - o(q). Determine t(-7).
12
Let t(g) = g**2 + 2*g - 5. Suppose u = -88 + 81. Give t(u).
30
Let x(o) be the third derivative of 0*o + 0 + 1/15*o**5 - 1/2*o**3 - 26*o**2 + 5/24*o**4 - 1/120*o**6. Give x(5).
-3
Suppose 0 = -4*l, 0*w = 2*w - 2*l + 16. Let p be 4/(-6)*12/w + -2. Let z(j) = 5*j**3 + j**2 - j - 1. Determine z(p).
-4
Let r(w) = w**3 - 3*w**2 + w + 1. Let g = 35 + -33. Suppose -4*t - y + 3*y + 4 = 0, -3*t + 2*y + g = 0. Calculate r(t).
-1
Let k(x) be the second derivative of x**4/3 + x. Suppose -2*l + 56 - 10 = 5*z, 21 = 3*z - l. Suppose 5*g = z*g + 3. What is k(g)?
4
Suppose -2*b + 6 = j, 3 = -2*b - b. Let m(d) = -d**3 + 8*d**2 - 4*d + 27. Determine m(j).
-5
Let r(h) = 4*h**2. Suppose -6*y = 2 + 16. Let w be 2 + y + 0/3. Determine r(w).
4
Let m be -2 + ((-4)/8)/((-3)/30). Let q(h) = -3*h**2 + 3*h - 2. Determine q(m).
-20
Let a(i) be the second derivative of i**4/6 - 3*i**3 - 5*i**2/2 + 5*i + 1. Determine a(9).
-5
Let o(p) = 4*p**3 + 3*p**2 - 6*p - 2. Let a(v) = -v**3 - v**2 + v. Let i = -84 - -83. Let j(f) = i*o(f) - 3*a(f). Give j(-2).
4
Suppose 0 = 4*u + 1 - 5. Let b(t) be the second derivative of -t**5/5 - t**2/2 - 75*t + 1. Calculate b(u).
-5
Let a(u) = -3*u**2 - 7*u - 5. Let p(t) = -4*t**2 - 7*t - 4. Let r(m) = 5*a(m) - 4*p(m). Let z be ((-14 - -4)*-3)/2 + -6. Give r(z).
9
Let s(q) be the second derivativ